ppose 0*o + 5*o + u - f = 0, -9 = -3*u. What is the units digit of o?
5
Suppose -8*p + 5 = -3*p. What is the units digit of p?
1
Let u(b) = -b + 6. Let n be u(0). What is the tens digit of (-128)/(-12) - 4/n?
1
Let o = -94 + 142. What is the units digit of o?
8
What is the hundreds digit of (-10423)/(-49) + (-8)/(-28)?
2
Suppose -2*p - r + 206 = 0, -2*r + 3*r - 4 = 0. Let v = p - 71. What is the tens digit of v?
3
Let o(n) = 3*n**3 + 3*n**2 + n + 3. Let l be o(3). Let c(x) = 3*x + 14. Let b be c(-6). What is the units digit of l/b*6/(-9)?
9
Let i = -4 - -15. What is the units digit of i?
1
What is the units digit of ((-93)/(-12))/(4 - 60/16)?
1
Let n = 2 - -2. Suppose -n*s + 108 = -5*t, -2*s - t + 62 = -6. What is the tens digit of s?
3
Suppose 4*q + 2*p = -p - 9, 2*p + 6 = -5*q. Let w be (q + 1 - 1)/(-2). Suppose w = 4*g - 4. What is the units digit of g?
1
Let p be -3 - -2 - (-1 - 2). What is the tens digit of 1*p*-3*-4?
2
Let g(f) = 2*f**2 - 6*f - 11. What is the units digit of g(7)?
5
Suppose -h = -6*h. Let c be -2 + h + 6 + 0. Suppose c = 3*r - 2. What is the units digit of r?
2
What is the units digit of ((-9)/(-24)*-6)/((-3)/108)?
1
What is the units digit of (-8 + -2)*6/(-15)?
4
Suppose y = 3*b + 15, 4*b = -y - 2*y - 20. Suppose y = 5*i - 9*i + 56. What is the tens digit of i?
1
Suppose 6 = 3*n - 0. Let b(i) = -i + 2*i - n + 0. What is the units digit of b(3)?
1
Let o(w) = w**2 - 10*w - 10. Let j be o(11). Suppose j = -5*f + 11. What is the units digit of 1 - 0 - 0/f?
1
Let h(u) = 0 - 3*u + 1 + 4*u. What is the units digit of h(2)?
3
Let m(s) = -4*s**3 - 3*s**2 + 1. Let p(l) = -2 - l + 5*l**2 + 3*l**3 + 9*l**2 - 10*l**2 + 2*l. Let q(b) = 2*m(b) + 3*p(b). What is the units digit of q(-4)?
6
Let b be 40/6 - (-2)/(-3). Suppose x + 2*c + 6 = b*c, 3*x - 22 = 2*c. Let y = 8 + x. What is the tens digit of y?
1
Let d(b) = 9*b - 1. Let y(p) = p + 7. Let i be y(-4). What is the tens digit of d(i)?
2
Let a = 20 - -56. Suppose 0 = t + 3*h - 1, 3*h - 15 = -5*t - 2*h. Suppose t*r - 4 - a = 0. What is the tens digit of r?
2
Let a(w) = -3*w + 13. Let j(o) = 2*o - 3 - 1 - 2. Let m(b) = 3*a(b) + 5*j(b). What is the units digit of m(-4)?
5
Let t(y) = y**3 + 8*y**2 - 24*y - 9. What is the tens digit of t(-10)?
3
Let f be -3 + (2 - 1) + 7. Suppose w = 4*b + f, -5*b = -2*w + 2 + 5. What is the units digit of w?
1
Let o(s) = -s**2 - 11*s + 12. Let v be o(-12). Let d(q) = -2*q**2 + q + 7. What is the units digit of d(v)?
7
Let f(i) = 2*i**2 + 9. What is the hundreds digit of f(-7)?
1
Let q be (4/(-6))/((-6)/18). Suppose 2*x - 3*x + 2*h + 4 = 0, 36 = 3*x + q*h. What is the tens digit of x?
1
Let c be (-3)/(-9) - 94/(-6). Suppose 0 = 2*g + 4*v - 26, -4*g + 4*v + c = 0. Suppose -2*r + g*r - 5*w = 25, -3*r - 3*w + 3 = 0. What is the units digit of r?
3
Suppose -4*j = 4*w - 28, 2*w = -4*j + 3*w + 8. Suppose -3 + 6 = -j*h. What is the units digit of (24/(-9))/(h/3)?
8
Let y(m) be the second derivative of m**3/2 + m. Suppose -3*b - 3 = -n, 5*n - 9 - 6 = -5*b. What is the units digit of y(n)?
9
What is the hundreds digit of (-758)/(-6) + 2/(-6)?
1
What is the tens digit of 20/70 + (-402)/(-14)?
2
What is the units digit of 44/(-14)*42/(-3)?
4
Let b(t) = 20*t**2 + 2*t - 2. Let z be b(1). Let i = 8 + z. What is the units digit of i?
8
Suppose 3*g + 5*j = -0*g - 17, -2*g = 5*j + 13. Let i(u) = -2*u + 4. Let m be i(g). Let c = -6 + m. What is the units digit of c?
6
Suppose -1 = 5*q - 21. Suppose -n = -q*n + 51. What is the units digit of n?
7
Let i(p) = -p**3 + 11*p**2 - p + 8. Let h be i(11). Let v = -8 - h. Let r = -1 - v. What is the units digit of r?
4
Let l = 32 + -24. What is the units digit of l?
8
Suppose 3*o = 5*v + o - 761, 0 = 4*v - o - 610. What is the tens digit of v?
5
Let p(u) = 6*u - 7. Let z be p(6). Suppose z = 3*h - 5*a, 15 = 4*h + 4*a - 13. What is the units digit of h?
8
Suppose 23 = h + 4*i - 25, -h - 3*i + 53 = 0. What is the units digit of h?
8
Suppose 5*f - 22 = -3*u, -u - 2*f + 10 = f. Suppose 8 + u = 4*n, -3*s = 2*n - 60. What is the tens digit of s?
1
Let x be 8/(-10) + 203/35. Suppose 0 = 3*k + n - 81, n - x*n + 64 = 2*k. What is the units digit of k?
6
Suppose -c = -5*y - 13, 5*y - c = 4*y - 1. What is the tens digit of y - (3 - (18 + 1))?
1
Let z = -23 - -42. What is the tens digit of z?
1
Let u(y) be the third derivative of -y**4/24 + y**3/6 + 2*y**2. Let v be u(-5). Suppose v*w - 2*w = -4*h + 40, 0 = 4*h - w - 25. What is the units digit of h?
7
Suppose -4*j + d = -64, -25 + 57 = 2*j - 3*d. Suppose -4*m - 4 = -j. Let c(h) = -h + 4. What is the units digit of c(m)?
1
Let h = 259 - 183. What is the units digit of h?
6
Let v = -14 - -65. Let q be (-1 + 2)*(-2 - -3). Suppose 0 = -b + z + 10 + q, -5*b = -3*z - v. What is the units digit of b?
9
Suppose 16*n - 9*n = 322. What is the units digit of n?
6
Let j(d) be the second derivative of -d**5/20 - d**4/2 - 7*d**3/6 - 2*d**2 - d. Suppose -5*y - 10 = -3*y. What is the units digit of j(y)?
6
Suppose 0 = -k + 2*x - 4, -2*x + 29 - 5 = 4*k. Suppose 2*h = -4, 0*h = -w - h + k. What is the units digit of w?
6
Let j = 16 - 11. Suppose 5*t - j*x = t + 85, -5*t - x = -70. What is the units digit of t?
5
What is the tens digit of 84/9 - (-28)/42?
1
Suppose -4*n = 5*g - 36 - 31, -5*n = -2*g + 7. Let u = g - 7. What is the units digit of u?
4
Let c = -12 + 7. Let m = 15 + c. What is the units digit of m?
0
What is the units digit of (-8)/(-2 + 76/40)?
0
Suppose 0*b = -3*y - 5*b + 107, 0 = -3*b + 3. What is the tens digit of y?
3
Suppose -2*r - m = -137, -r + 0*r + 3*m = -51. What is the tens digit of r?
6
Let i = 14 - 40. Let z = i + 62. Suppose 5*v - 4 = z. What is the units digit of v?
8
What is the units digit of 64*(0 - (-3)/4)?
8
What is the units digit of 14/77 - (-1052)/22?
8
Let z(p) = p**3 - 5*p**2 + 4*p - 2. Let w be z(6). Suppose t - w = -t. What is the tens digit of t?
2
Let f = 669 - 463. What is the hundreds digit of f?
2
What is the hundreds digit of (7 + 3)/(1/29)?
2
Let j(z) = z**2 + 3*z + 7. What is the tens digit of j(-7)?
3
Let w(m) = -m**2 - 4*m + 3. Let j be w(-6). Let n = j - -16. What is the units digit of n?
7
Let l(g) = 2*g - 2. Let t(p) = p**3 - 2*p - 3*p + 4*p. Let a be t(2). What is the tens digit of l(a)?
1
Let y(m) = -m**3 + 5*m**2 - 2*m + 4. Let u be y(5). Let x = 14 + -12. What is the units digit of x + 3/u*0?
2
What is the units digit of (-320)/(-8) - (-2 - 0)?
2
Let u(v) = -v**2 - 4*v + 4. Let q be u(-4). Suppose q*o - 45 = 15. Suppose 5*m - m = y + o, -m + 6 = 2*y. What is the units digit of m?
4
Let m be 1/(((-6)/28)/3). Let q(t) = -3*t - 5. What is the tens digit of q(m)?
3
Let j(k) = k**3 - 5*k**2 + 2*k - 7. Let t be j(5). What is the units digit of (3 + 3/t)*2?
8
Let l(u) = -13*u**3 - 4*u**2 - 8*u - 3. What is the tens digit of l(-3)?
3
Suppose -f - 3*h + 23 = 0, -5*f - h = -0*h - 185. Suppose 27 = 5*u - f. What is the units digit of u?
3
Let o = -2 + 4. Let x be (-1)/((-1)/(-1 - o)). Let z = 5 - x. What is the units digit of z?
8
Let u(c) = c**3 + 5*c**2 + 4*c + 2. Let w be u(-3). Let d(m) be the second derivative of -m**4/12 + 4*m**3/3 + m**2/2 + m. What is the units digit of d(w)?
1
Let c(i) be the third derivative of i**4/12 + i**3/2 + 2*i**2. What is the tens digit of c(5)?
1
Suppose -2*y - 35 = -3. Let t = y + 26. What is the units digit of t?
0
Suppose -t - 47 = -151. Suppose 4*n - 40 = t. What is the tens digit of n?
3
Suppose -5*l - 5*k = 60, 10 = 4*l - 5*l - 2*k. What is the tens digit of -3 + 4 - (l - 2)?
1
Suppose 5*z - 3*x + 40 = -0*x, 0 = -2*z + 4*x - 30. Let n = 1 - z. What is the units digit of n?
6
Let d(a) = 18*a**3 + 7*a**3 + 2*a**2 - 6*a**3 - a + 0*a. What is the tens digit of d(1)?
2
Let s(o) = o**3 + 1 - 7 + 7 + 0*o**3. Suppose 0 = -2*m - 3*m + 5. What is the units digit of s(m)?
2
Let p(w) = -7*w - 6. Let o(h) = 8*h + 7. Let x(y) = 5*o(y) + 6*p(y). Suppose 0 = -g - 3 - 2. What is the units digit of x(g)?
9
Let i(y) = y**3 + 8*y**2 - 1. What is the tens digit of i(-4)?
6
Let x(p) = p**3 + 5*p**2 + 5*p + 4. Let y(s) = -3*s**2 + s + 1. Let v be 12/(-10) + 1/5. Let l be y(v). What is the units digit of x(l)?
7
Suppose 20 = 2*f - 4*w, -f - w = -0*f - 22. Let x = -5 + f. What is the units digit of x?
3
Let h be 114/(-15) - 3/(-5). Let i(l) = -l